



{"id":2,"date":"2025-02-15T09:04:58","date_gmt":"2025-02-15T08:04:58","guid":{"rendered":"https:\/\/www.danway.sk\/?page_id=2"},"modified":"2025-02-15T10:18:27","modified_gmt":"2025-02-15T09:18:27","slug":"ukazkova-stranka","status":"publish","type":"page","link":"https:\/\/www.danway.sk\/","title":{"rendered":"Danway, s.r.o."},"content":{"rendered":"\n<h3 class=\"wp-block-heading has-text-align-center\">Kto sme?<\/h3>\n\n\n\n<p>Sme firma p\u00f4sobiaca na trhu od roku 1997 a \u0161pecializujme sa na predaj kozmetiky a drog\u00e9rie r\u00f4zneho druhu pre v\u0161etky vekov\u00e9 kateg\u00f3rie, pre mu\u017eov i \u017eeny.<\/p>\n\n\n\n<h3 class=\"wp-block-heading has-text-align-center\">Sme tu pre V\u00e1s<\/h3>\n\n\n\n<p>H\u013ead\u00e1te kozmetiku za v\u00fdborn\u00e9 ceny? <a href=\"http:\/\/eshop.danway.sk\">Nav\u0161t\u00edvte n\u00e1\u0161 eshop<\/a> a prezrite si na\u0161u aktu\u00e1lnu ponuku. Chcete sa sta\u0165 na\u0161imi partnermi a odobera\u0165 produkty za ve\u013ekoobchodn\u00e9 ceny? Nev\u00e1hajte a kontaktujte n\u00e1s<\/p>\n\n\n\n<hr class=\"wp-block-separator has-alpha-channel-opacity\"\/>\n\n\n\n<h3 class=\"wp-block-heading has-text-align-center\">Produkty<\/h3>\n\n\n\n<figure class=\"wp-block-image size-large\"><img fetchpriority=\"high\" decoding=\"async\" width=\"1024\" height=\"1024\" src=\"https:\/\/www.danway.sk\/wp-content\/uploads\/2025\/02\/INFINITI-COLOR-CRAVE-1024x1024.jpg\" alt=\"\" class=\"wp-image-38\" srcset=\"https:\/\/www.danway.sk\/wp-content\/uploads\/2025\/02\/INFINITI-COLOR-CRAVE-1024x1024.jpg 1024w, https:\/\/www.danway.sk\/wp-content\/uploads\/2025\/02\/INFINITI-COLOR-CRAVE-300x300.jpg 300w, https:\/\/www.danway.sk\/wp-content\/uploads\/2025\/02\/INFINITI-COLOR-CRAVE-150x150.jpg 150w, https:\/\/www.danway.sk\/wp-content\/uploads\/2025\/02\/INFINITI-COLOR-CRAVE-768x768.jpg 768w, https:\/\/www.danway.sk\/wp-content\/uploads\/2025\/02\/INFINITI-COLOR-CRAVE-1536x1536.jpg 1536w, https:\/\/www.danway.sk\/wp-content\/uploads\/2025\/02\/INFINITI-COLOR-CRAVE-2048x2048.jpg 2048w\" sizes=\"(max-width: 1024px) 100vw, 1024px\" \/><\/figure>\n\n\n\n<hr class=\"wp-block-separator has-alpha-channel-opacity\"\/>\n\n\n\n<h3 class=\"wp-block-heading has-text-align-center\">Kontakt<\/h3>\n\n\n\n<h3 class=\"wp-block-heading\">Miroslav Gura &#8211; ve\u013ekoobchod, export a import<\/h3>\n\n\n\n<p>telef\u00f3n: +421905348060<br>email: <a href=\"mailto:info@venita.sk\">info@danway.sk<\/a><\/p>\n\n\n\n<h3 class=\"wp-block-heading\">Dana Gurov\u00e1 &#8211; maloobchod<\/h3>\n\n\n\n<p>telef\u00f3n: +421915351631<br>email: <a href=\"mailto:obchod@danway.sk\">obchod@danway.sk<\/a><\/p>\n\n\n\n<h3 class=\"wp-block-heading has-text-align-center\">O n\u00e1s<\/h3>\n\n\n\n<p>P\u00f4sob\u00edme na slovenskom trhu od roku 1997 a pre na\u0161ich z\u00e1kazn\u00edkov a obchodn\u00fdch partnerov pon\u00fakame odber kozmetiky a drog\u00e9rie v\u0161etk\u00e9ho druhu, ale predov\u0161etk\u00fdm sa zameriavame na predaj a distrib\u00faciu vlasovej kozmetiky. Zabezpe\u010dujeme aj export a import drogistick\u00e9ho tovaru v r\u00e1mci Eur\u00f3pskej \u00fanie ale aj mimo nej. Sme mal\u00e1 rodinn\u00e1 firma, ktor\u00e1 si zaklad\u00e1 na osobnom pr\u00edstupe k na\u0161im z\u00e1kazn\u00edkom a preto vieme pon\u00faknu\u0165 rie\u0161enia na mieru pre v\u0161etk\u00fdch na\u0161ich z\u00e1kazn\u00edkov. Ver\u00edme, \u017ee \u013eudsk\u00fd pr\u00edstup a ochota \u010dasto kr\u00e1t preva\u017euj\u00fa nad korpor\u00e1tnymi pravidlami a neochotou administrat\u00edvneho pracovn\u00edka. O na\u0161ich z\u00e1kazn\u00edkov a obchodn\u00fdch partnerov sa star\u00e1 n\u00e1\u0161 rodinn\u00fd t\u00edm.<\/p>\n","protected":false},"excerpt":{"rendered":"<p>Kto sme? Sme firma p\u00f4sobiaca na trhu od roku 1997 a \u0161pecializujme sa na predaj kozmetiky a drog\u00e9rie r\u00f4zneho druhu pre v\u0161etky vekov\u00e9 kateg\u00f3rie, pre mu\u017eov i \u017eeny. Sme tu pre V\u00e1s H\u013ead\u00e1te kozmetiku za v\u00fdborn\u00e9 ceny? Nav\u0161t\u00edvte n\u00e1\u0161 eshop a prezrite si na\u0161u aktu\u00e1lnu ponuku. Chcete sa sta\u0165 na\u0161imi partnermi a odobera\u0165 produkty za [&hellip;]<\/p>\n","protected":false},"author":1,"featured_media":0,"parent":0,"menu_order":0,"comment_status":"closed","ping_status":"open","template":"","meta":{"footnotes":""},"class_list":["post-2","page","type-page","status-publish","hentry"],"_links":{"self":[{"href":"https:\/\/www.danway.sk\/index.php\/wp-json\/wp\/v2\/pages\/2","targetHints":{"allow":["GET"]}}],"collection":[{"href":"https:\/\/www.danway.sk\/index.php\/wp-json\/wp\/v2\/pages"}],"about":[{"href":"https:\/\/www.danway.sk\/index.php\/wp-json\/wp\/v2\/types\/page"}],"author":[{"embeddable":true,"href":"https:\/\/www.danway.sk\/index.php\/wp-json\/wp\/v2\/users\/1"}],"replies":[{"embeddable":true,"href":"https:\/\/www.danway.sk\/index.php\/wp-json\/wp\/v2\/comments?post=2"}],"version-history":[{"count":9,"href":"https:\/\/www.danway.sk\/index.php\/wp-json\/wp\/v2\/pages\/2\/revisions"}],"predecessor-version":[{"id":41,"href":"https:\/\/www.danway.sk\/index.php\/wp-json\/wp\/v2\/pages\/2\/revisions\/41"}],"wp:attachment":[{"href":"https:\/\/www.danway.sk\/index.php\/wp-json\/wp\/v2\/media?parent=2"}],"curies":[{"name":"wp","href":"https:\/\/api.w.org\/{rel}","templated":true}]}}